, 1531, 3659
List the prime factors of 244286642.
2, 3251, 37571
What are the prime factors of 18567570?
2, 3, 5, 7, 17, 743
List the prime factors of 70808722.
2, 41, 863521
What are the prime factors of 1218694284?
2, 3, 23, 1471853
List the prime factors of 1137704182.
2, 379, 1500929
What are the prime factors of 13403721?
3, 19, 113, 2081
What are the prime factors of 102192930?
2, 3, 5, 7, 23173
List the prime factors of 3731683841.
3731683841
What are the prime factors of 131406074?
2, 65703037
List the prime factors of 1035861922.
2, 89, 167, 34847
List the prime factors of 8420582.
2, 4210291
What are the prime factors of 5262056?
2, 97, 6781
What are the prime factors of 28177891?
7, 17, 33827
What are the prime factors of 86987614?
2, 7, 6213401
List the prime factors of 618609840.
2, 3, 5, 23, 112067
What are the prime factors of 3271168164?
2, 3, 11, 24781577
List the prime factors of 538744357.
538744357
List the prime factors of 311008390.
2, 5, 7, 11, 8243
What are the prime factors of 71546937?
3, 7, 11, 37, 761
What are the prime factors of 48871399?
47, 1039817
List the prime factors of 66026338.
2, 7, 4716167
What are the prime factors of 665958586?
2, 332979293
What are the prime factors of 54143770?
2, 5, 137, 39521
List the prime factors of 1076426565.
3, 5, 23, 3120077
List the prime factors of 773385606.
2, 3, 7, 6137981
What are the prime factors of 7037093307?
3, 37, 63397237
List the prime factors of 518741665.
5, 13, 37, 215693
List the prime factors of 38265976.
2, 7, 109, 6269
List the prime factors of 38478084.
2, 3, 541, 5927
What are the prime factors of 4136848?
2, 17, 67, 227
List the prime factors of 258781092.
2, 3, 21565091
What are the prime factors of 85229171?
109, 781919
List the prime factors of 5315284612.
2, 11, 157, 6359
List the prime factors of 43838304.
2, 3, 456649
List the prime factors of 26294811.
3, 8764937
List the prime factors of 938018517.
3, 312672839
List the prime factors of 83969781.
3, 7, 571223
List the prime factors of 4360885.
5, 872177
List the prime factors of 165264928.
2, 109, 47381
List the prime factors of 356043005.
5, 29, 2455469
List the prime factors of 190542840.
2, 3, 5, 359, 4423
List the prime factors of 1489538008.
2, 7, 37, 571, 1259
What are the prime factors of 295853684?
2, 7, 743, 14221
List the prime factors of 3197044297.
3197044297
List the prime factors of 518495541.
3, 19, 37, 245849
What are the prime factors of 585450778?
2, 11, 37, 719227
What are the prime factors of 6848662497?
3, 26717, 85447
List the prime factors of 343727127.
3, 3617, 10559
List the prime factors of 4170824563.
4170824563
List the prime factors of 127803267.
3, 43, 330241
List the prime factors of 482637426.
2, 3, 80439571
What are the prime factors of 7173835?
5, 109, 13163
What are the prime factors of 1168254622?
2, 137, 4263703
What are the prime factors of 2498072?
2, 61, 5119
What are the prime factors of 189444636?
2, 3, 73, 24029
List the prime factors of 1083228226.
2, 31, 17471423
List the prime factors of 968022284.
2, 242005571
What are the prime factors of 2395501442?
2, 29, 41301749
What are the prime factors of 46843220?
2, 5, 151, 15511
List the prime factors of 186431379.
3, 62143793
What are the prime factors of 251094224?
2, 103, 152363
What are the prime factors of 141578181?
3, 15730909
What are the prime factors of 3592296237?
3, 19, 63022741
What are the prime factors of 174871935?
3, 5, 7, 71, 1117
What are the prime factors of 39272062?
2, 439, 44729
What are the prime factors of 384735922?
2, 1619, 118819
List the prime factors of 82223327.
41, 2005447
List the prime factors of 494878372.
2, 123719593
What are the prime factors of 28341229?
7, 4048747
List the prime factors of 109684164.
2, 3, 9140347
List the prime factors of 1737759894.
2, 3, 13, 23, 883, 1097
List the prime factors of 147466594.
2, 11, 2309, 2903
What are the prime factors of 4233237731?
2417, 1751443
List the prime factors of 488389038.
2, 3, 23, 3539051
What are the prime factors of 1635766805?
5, 327153361
What are the prime factors of 12883594?
2, 41, 59, 2663
List the prime factors of 2139155.
5, 31, 37, 373
What are the prime factors of 40641192?
2, 3, 43, 13127
List the prime factors of 10289480.
2, 5, 61, 4217
What are the prime factors of 192934197?
3, 1489, 4799
List the prime factors of 314976675.
3, 5, 13, 323053
List the prime factors of 194526035.
5, 11, 3536837
List the prime factors of 31208456.
2, 523, 7459
What are the prime factors of 80979944?
2, 1607, 6299
What are the prime factors of 85757975?
5, 53, 59, 1097
What are the prime factors of 12996934?
2, 263, 24709
List the prime factors of 335920946.
2, 167960473
List the prime factors of 1472156616.
2, 3, 7, 17, 109, 4729
What are the prime factors of 809192134?
2, 1151, 351517
List the prime factors of 1822150433.
37, 49247309
What are the prime factors of 787202907?
3, 262400969
List the prime factors of 212539307.
317, 670471
What are the prime factors of 64164431?
1327, 48353
List the prime factors of 464606179.
59, 71, 197, 563
List the prime factors of 50364480.
2, 3, 5, 23, 2281
List the prime factors of 50031541.
7, 19, 113, 3329
What are the prime factors of 80825182?
2, 67, 603173
What are the prime factors of 3393552067?
3393552067
List the prime factors of 13348672.
2, 17, 12269
What are the prime factors of 3923955685?
5, 13, 277, 217937
What are the prime factors of 63185518?
2, 11, 2872069
List the prime factors of 20812434.
2, 3, 3468739
List the prime factors of 264381794.
2, 132190897
List the prime factors of 1246193887.
29, 317, 135559
What are the prime factors of 12569767?
7, 313, 5737
What are the prime factors of 1828094210?
2, 5, 182809421
List the prime factors of 48426210.
2, 3, 5, 7, 79, 139
What are the prime factors of 276816471?
3, 491, 187927
What are the prime factors of 653818232?
2, 17, 4807487
List the prime factors of 21655010.
2, 5, 13, 157, 1061
What are the prime factors of 11676170?
2, 5, 11, 179, 593
What are the prime factors of 94636904?
2, 23, 89, 5779
What are the prime factors of 935950994?
2, 11, 83, 512569
What are the prime factors of 346526269?
3571, 97039
List the prime factors of 252316399.
233, 761, 1423
What are the prime factors of 16071197?
2969, 5413
What are the prime factors of 4919125?
5, 23, 29, 59
List the prime factors of 40631218.
2, 47, 571, 757
What are the prime factors of 2703220533?
3, 13, 53, 48437
What are the prime factors of 1387481513?
11, 126134683
List the prime factors of 3173819305.
5, 29, 191, 114599
List the prime factors of 332608623.
3, 19, 5835239
What are the prime factors of 173303582?
2, 167, 241, 2153
List the prime factors of 329741434.
2, 11, 41, 365567
What are the prime factors of 3227661262?
2, 7, 113, 383, 761
What are the prime factors of 82350188?
2, 20587547
What are the prime factors of 11183045?
5, 113, 19793
List the prime factors of 2959710386.
2, 1479855193
What are the prime factors of 1987536146?
2, 53, 18750341
List the prime factors of 261380296.
2, 73, 447569
List the prime factors of 48272220.
2, 3, 5, 89393
List the prime factors of 578100497.
13, 3420713
What are the prime factors of 63421676?
2, 181, 251, 349
List the prime factors of 3224998613.
23, 2207, 63533
What are the prime factors of 3772796670?
2, 3, 5, 2089, 6689
List the prime factors of 24393501.
3, 11, 23, 3571
What are the prime factors of 1386272917?
2693, 514769
What are the prime factors of 87388721?
7, 17, 31, 23689
What are the prime factors of 978783692?
2, 443, 541, 1021
List the prime factors of 923764025.
5, 661, 55901
What are the prime factors of 383086965?
3, 5, 23, 1110397
List the prime factors of 13250042.
2, 13, 29, 17573
List the prime factors of 47822796.
2, 3, 7, 23, 37, 223
List the prime factors of 2791912445.
5, 7, 67, 283, 601
List the prime factors of 963637964.
2, 97, 2483603
What are the prime factors of 297592109?
47, 881, 7187
List the prime factors of 1159478063.
10499, 110437
What are the prime factors of 294074889?
3, 1999, 49037
What are the prime factors of 2709812018?
2, 1354906009
What are the prime factors of 22365592?
2, 157, 17807
What are the prime factors of 105810197?
719, 147163
List the prim